(o) = 51*o + 387. Give d(-10).
-123
Let r(o) = o**3 - 3*o**2 - 36*o + 5. Determine r(-5).
-15
Let r(b) = b**2 + 1176*b + 5858. Calculate r(-5).
3
Let u(t) = 2*t**3 + 157*t**2 + 42*t - 2837. What is u(-78)?
-29
Let b(j) = -2*j - 161. Give b(-39).
-83
Let q(s) = 37*s - 221. Give q(4).
-73
Let m(z) = z**3 + 15*z**2 + 16*z - 118. Give m(-13).
12
Let k(m) = 3*m**3 + 35*m**2 + 2. What is k(-12)?
-142
Let y(p) = p**3 - 18*p**2 + 75*p + 30. Calculate y(11).
8
Let l(z) = 4187*z + 41875. Calculate l(-10).
5
Let u(w) = -w**2 + 40*w + 333. Give u(-8).
-51
Let d(k) = -4349*k - 43497. Give d(-10).
-7
Let g(l) = -310*l - 6517. What is g(-21)?
-7
Let o(m) = -3*m - 369. Calculate o(0).
-369
Let n(z) = -z**3 - 15*z**2 - 45*z - 2. What is n(-3)?
25
Let l(y) = 37*y - 2117. Determine l(56).
-45
Let z(o) = 2*o**3 - 15*o**2 + 11*o + 31. Determine z(7).
59
Let y(b) = b**3 - 132*b**2 + 423*b - 115. Calculate y(3).
-7
Let x(n) = -2*n - 59. What is x(-42)?
25
Let c(o) = -73*o - 765. Calculate c(-10).
-35
Let k(g) = -g**2 + 8*g + 9. Determine k(-7).
-96
Let h(b) = -4*b**3 + 16*b**2 + b - 44. Give h(4).
-40
Let m(y) = 136*y**2 - 2178*y - 17. Determine m(16).
-49
Let x(c) = 7*c**2 + 42*c - 58. Determine x(-10).
222
Let d(x) = 8*x**2 + 48*x - 188. What is d(5)?
252
Let d(l) = 4*l**3 - 2*l**2 - 2*l + 7. Give d(5).
447
Let m(x) = -3*x**2 - 25*x + 549. Calculate m(10).
-1
Let h(u) = -13*u - 16. Give h(-3).
23
Let z(a) = a**3 - 37*a**2 + 735*a - 31713. Determine z(39).
-6
Let m(f) = 31278*f + 31275. Calculate m(-1).
-3
Let g(m) = m**3 - 24*m**2 + 76*m + 279. Give g(7).
-22
Let w(c) = -225*c - 4921. What is w(-22)?
29
Let c(l) = -5*l**2 + 11*l + 48. What is c(-3)?
-30
Let q(i) = -542*i - 8485. Give q(-16).
187
Let h(j) = -2*j**2 - 73*j + 28. Calculate h(-35).
133
Let s(z) = -3*z**2 - 26*z + 301. Calculate s(7).
-28
Let b(a) = -29*a**2 - 49*a + 284. Give b(-4).
16
Let d(o) = o**2 - 14*o - 103. Give d(-9).
104
Let j(m) = 7*m**2 + 236*m + 999. Determine j(-5).
-6
Let o(v) = -v**3 + 19*v + 12. Give o(-4).
0
Let b(l) = -74*l**2 - 10*l - 2. Calculate b(-1).
-66
Let i(s) = -3*s**2 + 216*s - 209. What is i(1)?
4
Let n(t) = -3*t**2 + 122*t - 188. Calculate n(44).
-628
Let j(w) = -w**2 - 78*w - 77. What is j(-77)?
0
Let v(d) = 48*d - 995. What is v(21)?
13
Let k(m) = -264*m - 33790. What is k(-128)?
2
Let x(d) = d**3 + 3*d**2 - 4*d. What is x(1)?
0
Let d(w) = 107*w - 4690. Calculate d(40).
-410
Let v(z) = 3*z**3 + z**2 - 3*z - 9. What is v(0)?
-9
Let o(f) = 16*f + 7. Give o(-12).
-185
Let n(o) = o**3 + 10*o**2 - 8*o + 23. Calculate n(-11).
-10
Let o(u) = 4*u**2 - 31*u + 33. Give o(8).
41
Let g(p) = 17*p - 18. Give g(6).
84
Let k(d) = -d**2 + d - 35. Calculate k(12).
-167
Let l(r) = -2906*r + 5811. Determine l(2).
-1
Let f(h) = -129*h - 674. Determine f(-5).
-29
Let g(y) = -4*y**3 - 2*y**2 + 10*y - 17. Give g(2).
-37
Let z(i) = i**2 + 33*i + 19. Calculate z(11).
503
Let b(z) = 486*z - 972. What is b(2)?
0
Let s(y) = y**3 + 15*y**2 - 62*y - 951. What is s(-15)?
-21
Let l(w) = 15*w**2 + 41*w + 127. Calculate l(-3).
139
Let u(z) = 2127*z - 8517. Give u(4).
-9
Let j(v) = 13*v - 162. Calculate j(14).
20
Let h(y) = y**3 + 14*y**2 + 31*y + 41. Determine h(-11).
63
Let l(f) = -f**3 + 201*f**2 - 8768*f - 19. Determine l(137).
-19
Let j(m) = -m**3 + 197*m**2 - 1333*m + 564. Give j(190).
-6
Let c(n) = 16*n**2 - 50*n + 138. Give c(3).
132
Let f(b) = -25*b - 1404. Determine f(-55).
-29
Let l(x) = x**3 - 41*x**2 + 329*x + 5. Give l(11).
-6
Let r(z) = 8*z**3 - z**2 - 13*z - 37. Calculate r(-3).
-223
Let g(z) = -z**3 + 2*z**2 - 18*z - 144. Calculate g(-4).
24
Let a(f) = -f**2 - 339*f - 21265. Give a(-83).
-17
Let r(j) = -3*j**2 - 22*j - 2. Calculate r(-10).
-82
Let n(d) = -199*d - 313. Calculate n(-1).
-114
Let q(i) = -263*i + 1047. Determine q(4).
-5
Let p(g) = -g**3 - 19*g**2 - 100*g + 1. Calculate p(-14).
421
Let u(w) = -w**3 + 6*w**2 - 43*w + 68. Calculate u(2).
-2
Let a(o) = 7*o + 157. Calculate a(-21).
10
Let a(s) = 3*s + 200. Calculate a(-47).
59
Let v(y) = y**3 - 4*y**2 - 18*y + 7. What is v(-3)?
-2
Let q(l) = -l**3 - 66*l**2 + 60*l - 473. Calculate q(-67).
-4
Let h(k) = k**3 + 45*k**2 + 90*k + 247. What is h(-43)?
75
Let q(n) = 3*n**3 + 114*n**2 + 10. Calculate q(-38).
10
Let l(h) = 599*h - 103631. Give l(173).
-4
Let a(w) = -2*w**2 + 6868*w - 102559. Calculate a(15).
11
Let g(p) = -p**3 + 15*p**2 - 604*p + 9921. Give g(16).
1
Let k(a) = 7*a**2 - 16*a + 6. Determine k(3).
21
Let i(y) = y**3 + 11*y**2 - 27*y - 137. Determine i(-11).
160
Let n(w) = -5*w**2 - 712*w - 1731. What is n(-140)?
-51
Let f(w) = -8*w**2 - 13*w - 37. Calculate f(-5).
-172
Let d(l) = l**3 + 13*l**2 - 3*l + 38. What is d(-13)?
77
Let n(i) = 119*i - 908. What is n(7)?
-75
Let y(d) = -22*d - 90. Determine y(4).
-178
Let n(r) = -r**3 + 8*r**2 - 352*r + 4213. Calculate n(11).
-22
Let z(i) = -i**3 - 40*i**2 + 82*i - 70. What is z(-42)?
14
Let t(r) = -r**2 + 42*r - 441. Give t(21).
0
Let r(x) = x**3 - 33*x**2 + 19*x + 419. Determine r(32).
3
Let w(n) = -n**3 - 4*n**2 - 41*n - 41. Determine w(-1).
-3
Let b(n) = 42*n + 945. Determine b(-22).
21
Let v(b) = -313*b - 1561. Give v(-5).
4
Let i(h) = 5*h**2 - 10*h + 4. What is i(1)?
-1
Let w(g) = -10*g + 689. Give w(68).
9
Let q(g) = -2*g**3 + 19*g**2 + 31*g - 23. Calculate q(11).
-45
Let b(f) = 48*f + 921. Calculate b(-14).
249
Let p(f) = f**2 + 24*f - 16234. Give p(116).
6
Let g(q) = 6*q**2 + 102*q + 129. Give g(-16).
33
Let q(k) = k**3 - 12*k**2 + 28*k - 2. Give q(3).
1
Let z(m) = 315*m - 6612. Calculate z(21).
3
Let v(b) = 2*b**3 + 282*b**2 + 601*b + 6250. Determine v(-139).
-5
Let l(k) = 315*k + 4091. Determine l(-13).
-4
Let w(k) = 114*k - 342. Determine w(3).
0
Let h(r) = 1266*r + 3824. Calculate h(-3).
26
Let s(k) = k**3 - 8*k**2 - 11. What is s(9)?
70
Let g(u) = u**2 + 934*u - 2815. What is g(3)?
-4
Let s(b) = -129*b**3 + 3*b**2 + 5*b + 3. Determine s(-1).
130
Let a(i) = 4*i**2 - 805*i - 5650. Give a(208).
-34
Let d(c) = -c**3 - 167*c**2 - 648*c + 742. Determine d(-163).
90
Let i(v) = 12*v + 291. What is i(-29)?
-57
Let n(f) = 4*f**2 + 22*f + 74. Determine n(-6).
86
Let q(c) = -c**2 - 29*c - 103. Give q(-29).
-103
Let k(c) = c**3 + c**2 + 15*c + 11. What is k(-6)?
-259
Let h(j) = 12*j - 500. Determine h(52).
124
Let k(o) = o**3 - 4*o**2 + 762*o - 4650. Calculate k(6).
-6
Let w(m) = -m**3 - 11*m**2 + 11*m + 32. Give w(-6).
-214
Let p(q) = -q**2 - 1156*q - 5760. Give p(-5).
-5
Let h(v) = v**2 + 25*v + 84. What is h(-22)?
18
Let y(s) = -138*s + 2179. Calculate y(16).
-29
Let u(l) = 1886*l - 5656. Determine u(3).
2
Let z(r) = -r**3 - 23*r**2 + 113*r + 135. Give z(-27).
0
Let j(y) = -14*y + 213. Calculate j(16).
-11
Let o(b) = b**3 + 61*b**2 - 3*b - 176. What is o(-61)?
7
Let p(f) = 29554*f + 147779. Give p(-5).
9
Let t(v) = 3*v - 147. What is t(58)?
27
Let n(d) = d**3 - 6*d**2 - 38*d - 43. What is n(10)?
-23
Let w(n) = 5*n**3 + 18*n**2 - 14*n - 18. Calculate w(-4).
6
Let w(l) = -l**2 - 29*l - 131. Give w(-6).
7
Let m(r) = r**2 + 192*r + 745. Give m(-4).
-7
Let x(b) = -58*b + 94. Determine x(1).
36
Let i(d) = d**3 - 31*d**2 + 26*d - 1859. What is i(32)?
-3
Let c(k) = -k**3 + 42*k**2 - 62*k + 23. What is c(41)?
-838
Let c(n) = 236*n - 1166. Give c(5).
14
Let a(z) = 49*z**2 - 1469*z - 29. What is a(30)?
1
Let m(u) = -2*u**2 - 117*u - 1024. Calculate m(-46).
126
Let p(x) = -x**3 - 14*x**2 + 2*x + 1. Determine p(-13).
-194
Let g(i) = -2*i**3 - 9*i**2 - i + 23. Calculate g(-6).
137
Let t(j) = -j**2 - 116*j - 2917. Determine t(-79).
6
Let h(b) = -2858*b - 5673. What is h(-2)?
43
Let q(r) = -5*r**3 + 128*r**2 + 198*r - 3799. What is q(26)?
-3
Let q(l) = -l**3 - 9*l**2 + 10*l - 293. Determine q(-12).
19
Let f(k) = 10*k**3 - 42*k**2 + 2*k + 6. Calculate f(4).
-18
Let l(k) = -159*k**2 + 13*k + 14. What is l(-1)?
-158
Let t(s) = 83*s - 4574. Determine t(55).
-9
Let n(v) = 13*v**2 + 430*v + 40. Give n(-33).
7
Let t(h) = -165*h + 12532. Calculate t(76).
-8
Let n(w) = -2*w**3 + 23*w**2 + 534*w - 6262. Determine n(12).
2
Let m(j) = -1709*j - 174312. Give m(-102).
6
Let z(f) = -f**3 + 69*f**2 - 259*f - 62. What is z(65)?
3
Let v(j) = j**3 - 15*j**2 - 82*j - 83. Give v(-3).
1
Let j(s) = -7*s + 190. What is j(27)?
1
Let f(m) = -9*m**2 - 193*m - 400. What is f(-2)?
-50
Let j(m) = m**3 + 38*m**2 - 34*